*z - 79. Is o(-6) prime?
False
Let h(m) = 15*m + 2. Let k be h(5). Let j be (2/9*12)/((-6)/(-36)). Is j + k + (-4)/2 a composite number?
True
Let w(n) = 52*n**2 + 24*n + 49. Let h be w(-17). Suppose 2*i + 2 = -4, 5*a + 2*i - h = 0. Is a a composite number?
True
Let c(j) be the second derivative of 5*j**3/6 + 2*j**2 + 12*j. Is c(17) prime?
True
Let u = 762 - -1985. Is u a composite number?
True
Suppose 0 = -2*f + 3 - 9. Let d(p) = -253*p + 8. Is d(f) a composite number?
True
Let f(q) = -113*q**3 - q**2 + 2*q - 1. Let m be f(1). Let z be m/(-2) + 4/(-8). Suppose b = 4*a - 87, -4*a + z = -4*b - 28. Is a a prime number?
False
Suppose -3 - 11 = -2*c. Suppose 0 = -4*t - 2*s + 10, 4*t + 0*s = 2*s - 10. Suppose c*y - 11*y + 508 = t. Is y composite?
False
Suppose 4*v = 20, -v = -3*b - 0*v + 1057. Let a = b + 559. Is a composite?
True
Let c(t) = 15*t**2 + 0 + 6 + 0 - 2*t. Suppose -2*w = -2*o + 1 + 9, -5 = -o + 4*w. Is c(o) prime?
False
Let f(d) = d**2 + 3*d. Let o be f(-3). Let v(y) be the first derivative of y**3/3 + 337*y + 73. Is v(o) a prime number?
True
Let g(u) = u**3 + 15*u**2 - 14. Let w be g(-15). Let i be (-4)/w - (-108)/63. Suppose 2*r - 1078 = i*d + 2*d, -2680 = -5*r - 5*d. Is r composite?
True
Let z = 45 + -43. Suppose -262 = -z*f - t + 7167, 0 = -t - 1. Is f prime?
False
Suppose 255 = 7*y - 4*y. Let b = 684 + y. Is b composite?
False
Let o be 3/12 + (-1)/4. Suppose -10 = 4*c + 4*s - 2, o = -2*c + 2*s - 12. Is 4/(-16)*c*331 prime?
True
Suppose -3670 = 5*p - 0*p. Let o = p - -1055. Is o composite?
True
Let r be ((-72)/108)/(2/(-372)). Suppose -4*c = -0*c - 252. Let g = r + c. Is g composite?
True
Let q = 130 + -71. Suppose -61*u = -q*u - 1102. Is u prime?
False
Let w be ((-3)/2 + 2)*20. Suppose -u = 2*t - w, 0 = t + 3*u - 15. Suppose -4*h + 4*s + 340 = 0, t*s - 340 = -4*h - 2*s. Is h composite?
True
Let v(k) = -k**3 + 7*k**2. Let l = 5 - -2. Let z be v(l). Suppose -c + 289 = 4*r, z = 3*c - 13 - 2. Is r prime?
True
Let x = 8351 - 2220. Is x a composite number?
False
Let g be 26/6 - 10/30. Suppose -7*f - 1500 = -g*f. Let n = -87 - f. Is n a prime number?
False
Let b(j) = -377*j - 125. Is b(-26) composite?
False
Let d(i) = 212*i - 99. Is d(21) a prime number?
False
Suppose 6*g = 9581 + 10045. Is g a prime number?
True
Let d(g) = -5292*g + 385. Is d(-4) composite?
True
Suppose 23*p = 27*p - 4696. Suppose -1624 = -2*k + p. Is k prime?
True
Let x = 68 + -290. Let q = 875 - x. Is q a prime number?
True
Let f = 3382 - 2341. Is f a prime number?
False
Let i = 9248 - 2445. Is i prime?
True
Let t(x) = -x**3 + 59*x**2 + 4*x + 65. Is t(28) a composite number?
False
Suppose -4*g = -4, m + 3*m = 4*g - 4. Suppose -4*j + 289 + 487 = m. Is j a composite number?
True
Let n be -3 + (9/(-3) - -29). Let a = n - 14. Suppose 925 = -4*l + a*l. Is l a prime number?
False
Suppose 0 = -3*s + 7*s - 16. Suppose 2*a - 36 = 4*a - 5*p, 0 = a + s*p - 8. Is ((-628)/8)/(4/a) a composite number?
False
Let b(n) = n**3 + n + 381. Suppose 4*i - 16 - 4 = 0. Suppose s + z + 2*z = -6, -i*s + z = -2. Is b(s) prime?
False
Suppose -3*f - 3*k + 62544 = 0, -3*f - 5*k + 62542 = -0*f. Is f prime?
True
Suppose -3*k - 2*f = -14, 2*k + f = -0*k + 8. Suppose -5*y = j - 658, -2*j + 3*y + 2701 = k*j. Is j a composite number?
False
Let y = 309 - -866. Suppose -6458 = -9*l - y. Is l prime?
True
Let r = -3 - -1. Let h be 24/(-6)*1/r. Is h - 0 - 3*-137 a composite number?
True
Let o be (2 + -1)*-33*(-8)/6. Is 56/(-14) + o + -1 a prime number?
False
Let p(m) = 50*m**2 - 52*m + 17. Is p(-9) a composite number?
True
Suppose 3*r = 103 + 15500. Suppose 2*h + y - 2*y - 2070 = 0, -5*h - 4*y + r = 0. Is h prime?
False
Let d(s) be the third derivative of s**5/30 - s**3/6 + 3*s**2. Let h = 42 + -50. Is d(h) a composite number?
False
Suppose 0 = 3*h + 6, -5*h - 7 = 5*z - 4*z. Suppose 2*f = 5*v + 1087, -2*v = -2*f + 2*v + 1086. Suppose z*o - 500 = f. Is o composite?
False
Suppose 10*v = -30078 + 87868. Is v a composite number?
False
Let q(s) = -242*s + 144. Let k(h) = -81*h + 48. Let b(f) = -7*k(f) + 2*q(f). Is b(25) a prime number?
True
Let z = 3 + -3. Suppose z = 6*q - 9*q + 2505. Is q prime?
False
Is 2 - 1 - (5 - 7563) a composite number?
False
Suppose 18*k - 53 - 109 = 0. Suppose -3*h + 6 = -2*h. Let d = h + k. Is d a prime number?
False
Let t = -51 + 246. Let g be (-428)/(-12)*12/2. Let k = t + g. Is k a composite number?
False
Suppose 0 = -z - 0*z + 4*t - 13, 2*t - 2 = 2*z. Suppose z*s - 2*d = 2*d + 71, 3*d = -5*s + 157. Suppose -128 = -k + s. Is k prime?
True
Let a(b) = b**2 - 13*b + 6. Let j be a(9). Let k be (j/18)/(1/3). Is (-1356)/k - (-4)/(-20) prime?
True
Suppose 14*n + 15090 = 9*n. Let r be 1/(-4)*(n + -10). Suppose 5*i + r = 3*y, -2*y + 3*i = 5*i - 526. Is y a prime number?
False
Let l(w) = -2*w - 1. Let n be l(0). Let h be (-51)/(-1)*n*1. Is (h/(-9))/((-3)/(-45)) composite?
True
Suppose 4*z + 170 = -2*c, -z + 171 - 26 = -2*c. Is 3/4 - c/(-20) - -2612 composite?
False
Let d be (-616)/(-70) + (-8)/10. Suppose d*g - 8542 - 1738 = 0. Is g prime?
False
Suppose -5*d + 3*k = -4*d - 8654, -d + 4*k = -8651. Is d a prime number?
True
Let w = -20417 - -112090. Is w a composite number?
False
Is (4156/(-10))/(8/(-20)) a composite number?
False
Suppose n + 2 = 0, 3*t - 8*n + 12*n = 165139. Is t a composite number?
False
Suppose 2*h + 4341 = -0*h + 5*a, 5*h - a = -10818. Let l = h - -3364. Is l prime?
True
Let h(m) = -902*m - 17. Is h(-5) a composite number?
False
Suppose 58*l - 266271 = -11*l. Is l prime?
False
Suppose -w - 4*w + 75 = h, 2*w = -8. Let u = -6 - -8. Suppose -u*q = -q - h. Is q a prime number?
False
Suppose -6*f = -11*f + 40. Let h be f/2*1/2. Suppose -7*q = -h*q - 115. Is q prime?
True
Suppose 10*f - 2855 - 455 = 0. Suppose 0 = g + 3, 4*g = 4*k - 4589 - f. Is k a prime number?
False
Let n = -2326 + 3989. Is n prime?
True
Let d = 55 + -38. Let c = d + -10. Suppose 0 = -z + c*z - 546. Is z composite?
True
Suppose 5*r - 57324 = -3*o, -3*o - 3646 + 26581 = 2*r. Is r a composite number?
True
Let p be (2/(-3))/(9/(-27)). Suppose -p*r + 10 = -4*s, -2*r - s + 2 = 3*s. Suppose 2554 = 4*y + 2*n + r*n, 2*y - 1274 = -4*n. Is y a prime number?
True
Suppose -68951 = -11*o + 30896. Is o a composite number?
True
Let q(n) = -3*n - 31. Let a(l) = -l. Let x(i) = -3*a(i) - q(i). Is x(14) a composite number?
True
Suppose 3*r - 183675 = -14*g + 11*g, 4*r = -2*g + 122442. Is g a prime number?
False
Let f(p) = 305*p - 1. Let x be f(-7). Let w = x - -4857. Is w a composite number?
True
Let h = -128 + 382. Is h prime?
False
Is (81/27)/((-6)/(-54394)) a prime number?
True
Let q be 121/(-4) + (-3)/4. Let d = 15 - q. Suppose -5*s = -d - 289. Is s prime?
True
Suppose -3*v = 4*x - 0*x - 1574, 3*x - 1182 = -3*v. Suppose 2*o = -10, 5*d - o = 922 - x. Is 1374/9*d/10 composite?
True
Let w(x) = -35*x**3 - 6*x**2 - 8*x - 6. Let h be w(-3). Suppose 4*o + y = -0*o + h, 0 = 4*o - 4*y - 884. Is o prime?
False
Is ((-6814)/4)/(11/(-22)) composite?
False
Let a = -4090 - -6251. Is a composite?
False
Let n = 10115 - 6544. Is n a prime number?
True
Suppose -5*x + 9929 = 2604. Suppose a = -4*a + x. Is a a prime number?
True
Let w(h) = 166*h**2 + 23*h + 100. Is w(-9) a prime number?
True
Let q = 7 + 5. Suppose 0*o + 3 = o - 3*u, 4*o = -3*u + q. Is (-1)/o - 1776/(-36) composite?
True
Is (7038 + 1)/(-1)*(-8 + 7) a composite number?
False
Suppose 0 = 5*i + 3*w + 2*w - 35, -5*i + 4*w = -53. Suppose -2535 = i*b - 6540. Is b composite?
True
Suppose 0 = -2*o - 2*a - 3*a + 30, -2*a = -o - 3. Suppose -4*b + o*n = -2677, 1761 = 4*b + n - 934. Is b a composite number?
False
Let t(i) = 806*i - 85. Is t(7) composite?
False
Let m = 613 - 1143. Let z = -111 - m. Is z a prime number?
True
Suppose -10916 = -i - 749. Is i composite?
True
Is (-16374)/(-15)*(-15)/(-6) prime?
True
Let c(z) = -z. Let p be c(2). Let a be (p - 7)*154/(-21). Suppose 4*v - 3*i - a = 2*v, -5*i + 132 = 4*v. Is v prime?
False
Let h(c) = c**2 - 5*c + 2. Let p be h(3). Let y be -25 - -2*p/8. Let g = 141 + y. Is g composite?
True
Suppose 0 = -3*j - 5*x - 2 - 5, 4*x = 5*j - 13. Is (-854)/(j/((-5)/10)) a composite number?
True
Let u(t) = t - 4. Let v be u(11). Suppose q + 53 = -3*f, v*f - 2*f + 90 = -2*q. Is 4*(0 + (-508)/f) a composite number?
False
Suppose i + 2*z - 7 = 0, 2*i - 12 + 4 